he prime factors of q.
2, 5
Suppose -5*h - 3*w + 24038 = w, 19230 = 4*h + 3*w. List the prime factors of h.
2, 3, 89
Let a be ((-21)/(-7))/((1 - -2)/3). Suppose w - 1374 = -4*r, -2*w + 7 = a. List the prime factors of r.
7
Suppose 5*w + 2*k - 2848 = 0, 205 - 1916 = -3*w + k. Let j = w - 327. What are the prime factors of j?
3
Suppose 1164 = -i + 5661. List the prime factors of i.
3, 1499
Let x(w) = 23*w**2 + 95*w + 962. List the prime factors of x(-12).
2, 1567
Let a be 328/(-6)*3/(-2). Let t = a - 80. List the prime factors of (t - 8)/(14/(-245)).
3, 5, 7
Suppose -6*g + 63 = -141. Suppose -38*q + 40 = -g*q. Suppose -6*u + q*u - 332 = 0. What are the prime factors of u?
83
Let j be 3 + (-6)/(-9) + 248/6. Suppose j*p = 41*p + 548. What are the prime factors of p?
137
Let t = 11859 - 2154. List the prime factors of t.
3, 5, 647
Suppose 18*f + 551 - 6874 - 14701 = 0. What are the prime factors of f?
2, 73
Let r(n) = -n**3 + 98*n**2 - 235*n + 1175. What are the prime factors of r(94)?
47, 307
Let n(s) = 2*s**3 - 7*s**2 - 2*s. Let c be n(5). Suppose -2*m + 31 = -c. Suppose m = 2*l - 16. List the prime factors of l.
2
List the prime factors of ((-604912)/70 + 1)/(6/(-10)).
14401
Let z = -1117 + 1541. List the prime factors of z.
2, 53
Suppose -5*h - 2*s + 25345 = 2*s, 4*h - 5*s - 20276 = 0. List the prime factors of h.
37, 137
Suppose 31 = 5*i + 11. Let k = 1 - i. What are the prime factors of (k + 0)*(0 - 48) - 0?
2, 3
Suppose -42 = 3*x + 3*x. Let f be 20/(-2) + (8 + x - 0). Let l(z) = z**3 + 10*z**2 - 8*z + 12. List the prime factors of l(f).
3, 5, 11
Let p = -134 + 323. Suppose -525 = -12*g - p. What are the prime factors of g?
2, 7
Suppose 0 = 3*m + 2*l - 95, 165 = -2*m + 7*m + 5*l. Suppose -15785 = -m*c - 12*c. List the prime factors of c.
5, 7, 11
Let c(w) = w**3 - 10*w**2 + 12*w - 24. Let b be c(9). Suppose b*o - 216 = -h, 2*o + 1175 = 5*h - 2*o. List the prime factors of h.
3, 7, 11
Let t(w) = -2*w - 52. Let r be t(-26). Suppose r = -2*y + 2*a + 310, -2*y + 26*a + 314 = 23*a. What are the prime factors of y?
151
Suppose -103303 = 21*i - 513034. What are the prime factors of i?
109, 179
What are the prime factors of (20892/16)/(18/264)?
11, 1741
Let x(a) = -4*a + 135. Suppose 204 = 4*l + 392. List the prime factors of x(l).
17, 19
Suppose -19003 - 1124357 = -85*k + 61*k. What are the prime factors of k?
2, 3, 5, 397
Let n = -1126 - -2486. Suppose -1820*u = -1822*u + n. List the prime factors of u.
2, 5, 17
Suppose -3*t + 26 = 10*t. Suppose -4*s = s + 4*d - 1746, t*s = 3*d + 680. List the prime factors of s.
2, 173
Let q(g) = g**2 + 116*g - 722. List the prime factors of q(107).
3, 857
Suppose -26*r + 1618 = -25560 - 26122. List the prime factors of r.
2, 5, 41
What are the prime factors of 139446/14 + 1 + 2 + 57/(-133)?
3, 41
Suppose -33*x + 4 = -36*x - 5*p, 0 = -4*x + 2*p + 12. Suppose -5187 = -x*h - 11*h. What are the prime factors of h?
3, 7, 19
Suppose -3*t = 4*c + 32 + 82, -4*t = -3*c + 177. Let p = 48 + t. Suppose -p*i + i = -620. List the prime factors of i.
2, 31
Let n(z) = -z + 29. Let a be 3 - (-5)/(-15)*0. Suppose a*d = -g - 0 + 14, 2*g - 23 = -5*d. List the prime factors of n(d).
2, 3
Let i = -5 + 4. Suppose 2*w + 48 = 38. Let a = i - w. List the prime factors of a.
2
Suppose -q = -3*z + 52307, -z - 24*q + 17445 = -22*q. List the prime factors of z.
7, 47, 53
Let f be 7 + (3/(-2))/((-9)/24). Let b be (-11)/(f/(-14)) - 4. Suppose -1269 = -4*y - 3*v, -4*y + 1287 = -5*v + b. List the prime factors of y.
2, 3, 53
Suppose -5*l + 1700 = -0*l. Suppose -909 + l = -v. Let i = -396 + v. List the prime factors of i.
173
Let r(d) = -d**2 + 9*d - 5. Let z be r(4). Let t = -3855 + 3855. Suppose t = 11*a - z*a + 684. What are the prime factors of a?
3, 19
Suppose 55*v + 99374 = 5*l + 53*v, -5*l - v + 99383 = 0. What are the prime factors of l?
2, 4969
Let q(y) = 7595*y - 4511. What are the prime factors of q(6)?
19, 2161
Let c = 277 - 318. Let y = 198 - c. What are the prime factors of y?
239
Suppose 14*n + 10*n - 439725 = -9*n. List the prime factors of n.
5, 13, 41
Let h be 1878/8 - ((-2)/(-8))/(-1). Let s = h + -54. List the prime factors of s.
181
Let q be (-6)/3*(-6)/4 + 1. Suppose 7*f = q*f - 3*d + 2391, -4*f + d + 3208 = 0. What are the prime factors of f?
3, 89
Let v(g) = 63*g**2 + 17*g - 92. List the prime factors of v(8).
2, 1019
What are the prime factors of 1915/30*296 - (-180)/135?
2, 1181
Let v(z) = z**2 + 9*z - 441. List the prime factors of v(-71).
17, 233
Suppose 2598 = -2*w + 8*w. Suppose -3*n + w = -554. List the prime factors of n.
7, 47
Suppose -h = 2*q - 7570, -5*q + 18 - 33 = 0. List the prime factors of h.
2, 947
Suppose -5*g - 3*o = -31, 7*g = 2*g + 3*o + 19. Let u(n) = 5*n**2 - 11 + 76*n - 2*n**2 - 69*n. What are the prime factors of u(g)?
3, 11
Suppose 0 = 20*t - 76965 - 88015. Suppose 4183 = 16*w - t. List the prime factors of w.
3, 7, 37
Suppose -2*b + 16999 = 2*l + 5327, l - 5836 = -2*b. What are the prime factors of l?
2, 1459
Let h(x) = x**3 + 7*x**2 - 20*x. Let n be h(3). Suppose 3*y - 44 = -0*p + 4*p, -3*p = 4*y - 67. List the prime factors of n*(4 + y/(-10)).
2, 3
What are the prime factors of (-354)/45 - -8 - (-273292)/60?
5, 911
Suppose 4*w + 922 = 5*w. Let r = -458 + w. List the prime factors of r.
2, 29
Let x = 4944 - 241. List the prime factors of x.
4703
Let s = 73 + -19. Suppose 7*g - 4429 = -s. What are the prime factors of g?
5
Let n be 293 + (-6)/(-4) + 31/(-62). Let r = -1 + n. What are the prime factors of r?
293
Let d = -152 - -155. Suppose 0*m + 1549 = 3*m - 4*x, -3*m + d*x = -1554. List the prime factors of m.
523
Let i = -225 - -234. Suppose -i = 2*j + 1, 2*f - 1439 = -3*j. What are the prime factors of f?
727
Let z be (-388)/(-3) + (-2)/6. Let w = -783 + 694. Let y = z + w. What are the prime factors of y?
2, 5
Suppose 104*y - 88919 = 145289. List the prime factors of y.
2, 563
Let a(s) = 3*s**2 + 11*s - 12. Let b be a(-8). Suppose -2606 = 90*u - b*u. What are the prime factors of u?
1303
Let n be (4/(-1) - -3)*-3. Suppose n*x - k - 755 = -0*x, -249 = -x - k. What are the prime factors of x?
251
Suppose -5*h = -q - 2610, -315 = 5*h + 4*q - 2900. Let n = -81 + h. Suppose -4*p + n = 28. List the prime factors of p.
103
Let u(j) = j**3 - 5*j**2 + 4*j + 3. Let d be u(4). Let g(m) = -47 + d*m + 52 + 22. List the prime factors of g(13).
2, 3, 11
Let a(s) = s**3 - 12*s**2 - 6*s - 20. Let y(o) = -2*o**3 + 24*o**2 + 11*o + 40. Let z(d) = -5*a(d) - 3*y(d). What are the prime factors of z(14)?
2, 3, 5, 11
Let d be (-1312)/64 - 2/(-4). List the prime factors of 4 - (155/1)/(d - -19).
3, 53
Suppose 22550 = -27*d + 38*d. Let x = d + -1134. What are the prime factors of x?
2, 229
Let a(n) be the first derivative of 17 - 5/2*n**2 - 17*n. List the prime factors of a(-11).
2, 19
Let k(m) = 90*m**2 + 111*m**2 + m**3 + 78 + 113*m**2 + 14*m - 359*m**2. List the prime factors of k(45).
2, 3, 59
Suppose -86621 = -2*x - 32277. List the prime factors of x.
2, 6793
Let y(b) = 22*b + 22. Let l be y(29). Suppose l*q - 4302 = 654*q. What are the prime factors of q?
3, 239
List the prime factors of -3*((-8)/(-14) + 2703793/(-1239)).
5, 7, 11, 17
Suppose -2*y + 2*s = -24, y - 3*y + 3*s + 25 = 0. Suppose 3*j = 3*c + 12, 5*j + y = -3*c + 31. Suppose 11*z - 2*z - 801 = c. List the prime factors of z.
89
Let k = 38663 + -21414. What are the prime factors of k?
47, 367
Let o be (-5)/30*-3*330. Let u = o - 63. What are the prime factors of u?
2, 3, 17
Let l be (13/3 - -6)*33. Suppose -248 - l = -5*f - 4*m, -235 = -2*f - m. What are the prime factors of f?
3, 13
Let g(q) = -12*q + 5. Let k be g(3). Let c be -1*2/4 + k/(-2). Let t = -5 + c. List the prime factors of t.
2, 5
Let f be (-2 + 1)*54/(-6). Let c = -107 + -394. List the prime factors of 1 - 30/18 - c/f.
5, 11
Suppose c - 15 = 11. Suppose -12 = -2*i + c. Let s = i + 38. List the prime factors of s.
3, 19
Suppose 156*k - 167*k + 74542 = -6748. List the prime factors of k.
2, 5, 739
Suppose 614*g - 5*v + 124455 = 617*g, g = 2*v + 41507. List the prime factors of g.
5, 43, 193
Let f = -60 - -64. Suppose 0 = f*j + 3*r - 14, 2*j = -3*r + 2*r + 6. Suppose -3*i = -5*o + 1075, -2*o = i - j*i - 430. What are the prime factors of o?
5, 43
Suppose -522624 = -954*j + 858*j. List t